= -5*r - 3*p + 1154. List the prime factors of r.
2, 3, 53
Suppose 3*k + 9 = -3*i, 3*i + 4*k + 3 = -3. Let b be (-3 - (-5)/2)*i. Suppose -236 = -3*z - 4*u + 4, b = -u. What are the prime factors of z?
2, 3, 7
Let c be ((-10)/6)/(10664/(-888) + 12). Suppose -190*m + 1335 = -c*m. List the prime factors of m.
3, 89
Let i(c) = 2*c**3 - 8*c**2 - 8*c + 14. Let t(y) = y**2 + 2*y - 2. Let g be t(2). What are the prime factors of i(g)?
2, 5, 11
Let q(j) = 21*j**3 - 4*j**2 - 52*j - 35. List the prime factors of q(8).
5, 7, 41
Let t be 15 + (7 - -3) + -4. Suppose t*j - 2999 - 424 = 0. What are the prime factors of j?
163
Let h(y) = y**3 - 17*y**2 + 34*y - 179. Let i be h(16). Let x = 31 + -48. Let w = i + x. What are the prime factors of w?
2, 23
Let r = -659 - -130. Let v = r + 928. What are the prime factors of (-9)/27 + v/9?
2, 11
Let n(k) be the third derivative of k**6/120 + 19*k**5/60 - 13*k**4/24 + 41*k**3/6 - 2*k**2 - 21. List the prime factors of n(-19).
2, 3
Let y = -140 - -143. Let w(q) = 11*q**3 - 2*q**2 + 4*q - 16. What are the prime factors of w(y)?
5, 11
Suppose -101*m + 16617 = -386979. What are the prime factors of m?
2, 3, 37
Let p be 2/(-4) + (-7)/(-14). Suppose -5*j + 5*s = 5, -2*s = -5*j - p*j + 4. Let w(r) = 13*r**2 + r - 2. List the prime factors of w(j).
2, 13
Let f(w) = w. Let o be f(-2). Suppose 2*v = -2*j + 438, -4*j = -5*v - 8*j + 1095. List the prime factors of 2 - v/(-3) - o.
7, 11
Let z(q) = 3*q - 21. Suppose 6*o = -0*o + 30. Let g(i) = 3*i - 21. Let n(l) = o*z(l) - 6*g(l). List the prime factors of n(-25).
2, 3
Let a be (130/(-4))/5*20. Let w be (-2)/(-8) - (2 + (-2583)/(-12)). Let b = a - w. List the prime factors of b.
3, 29
Let g be (-1 + (-651)/(-15))/((-8)/(-2760)). Suppose -19*s + 7*s = -g. List the prime factors of s.
23, 53
Let a(p) = -15389*p - 668. What are the prime factors of a(-1)?
3, 7, 701
Let x(c) = -2*c + 7. Let v be x(-3). Let d(t) = t**3 - 9*t - 7 - v*t**2 - 14 + 11 - 15. What are the prime factors of d(14)?
3, 5
Let m be ((-36)/(-14))/2 - (-22)/(-77). Let a be ((-462)/9)/(-1*m/3). Suppose -7*q = -a - 238. What are the prime factors of q?
2, 7
Suppose 6*i = 4*n + 161534, 196013 - 61438 = 5*i + 4*n. List the prime factors of i.
3, 997
Let v(u) = -84*u + 14. Suppose 4*k + 3*c - c + 6 = 0, -5*k + 3*c = 35. List the prime factors of v(k).
2, 5, 7
Suppose -s = -f + 2703, -7*s + 10*s = -9. Suppose -108*g = -103*g - f. List the prime factors of g.
2, 3, 5
Suppose 70*i - 73*i - 18 = 0. What are the prime factors of (-6)/(-4)*(-584)/i?
2, 73
Let r be (((-975)/(-4))/15)/(1/(-8)). What are the prime factors of 3/(-30) - 118833/r?
2, 457
Let w = -30 - -32. Suppose 112 = -32*j + 25*j. What are the prime factors of w/(-8) - 1236/j?
7, 11
Suppose -3*f + 4*p - 338 - 271 = 0, -f - 2*p - 193 = 0. Let c = 228 + f. What are the prime factors of c?
29
List the prime factors of (-485 - -29560) + (-1 - -4).
2, 7, 31, 67
Let j(a) = -a**3 + 6*a**2 - 2*a + 11. Let x be j(10). Let g = -72 - x. What are the prime factors of g?
337
Suppose 257*h - 2468 = 253*h. Suppose 3*l - c - 466 = 0, 4*c = 4*l + 7*c - h. Suppose s = -37 + l. List the prime factors of s.
2, 59
Let q(j) = 1631*j + 211. What are the prime factors of q(3)?
2, 11, 29
Let f(g) = 3910*g - 395. List the prime factors of f(3).
5, 2267
Let o(j) = -3*j**2 - 12*j - 6. Let f be o(-9). Suppose 9 = 3*z, 3*p + 4*z - 359 - 667 = 0. Let l = p + f. List the prime factors of l.
197
Let r(w) be the third derivative of 5*w**6/144 - 31*w**5/120 + 5*w**4/12 - 30*w**2. Let b(v) be the second derivative of r(v). List the prime factors of b(10).
3, 73
Suppose -i + 4*x + 2050 = 0, 3*i + 4*x + 1636 - 7850 = 0. Suppose -7*t - 874 = i. Let h = -197 - t. List the prime factors of h.
223
Let w be (11 + -6)*(3/(-5) + 1). Suppose -w*m + 3*m = 3*d - 164, 4*d - 5*m - 226 = 0. Suppose -l - 6 = -d. List the prime factors of l.
2, 3
Suppose 17*f - 9640 - 42546 = 62105. List the prime factors of f.
3, 83
Let x(m) = 1165*m**2 + 6*m + 27. List the prime factors of x(-2).
5, 11, 17
Suppose -5*z = -1785 - 11335. Suppose 2*k + 1466 = 4*r - 644, -2*k = 5*r - z. List the prime factors of r.
2, 263
List the prime factors of (-132 + 39212)/((-1 + 2)*2).
2, 5, 977
Let l(y) = 10*y**2 - 20*y + 79. Let z be (5 + 2/6)*(-6)/(-4). List the prime factors of l(z).
13, 43
Let q = -54600 - -137800. List the prime factors of q/75 + 2/(-6).
1109
Suppose 10 = -2*h, -7*w + 3*h = -2*w - 1815. Suppose -772 = -w*s + 356*s. List the prime factors of s.
193
Let i(b) = 2*b**2 - 32*b + 18200. List the prime factors of i(0).
2, 5, 7, 13
Let s = -110 - -124. List the prime factors of s/112*2 - (-6110)/8.
2, 191
Let v(l) be the first derivative of -l**3/3 - 6*l**2 - 8*l + 4. Let p = -7 - 0. List the prime factors of v(p).
3
Suppose 0 = -4*g + 27 - 51. Let o(i) = -i**3 - 5*i**2 + 2*i - 18. Let q be o(g). What are the prime factors of (q + -5)/(0 + 2/222)?
3, 37
Let s = 5394 + -5330. What are the prime factors of s?
2
Let l(m) = -56*m - 17. Let z be l(-6). Suppose z - 1032 = -c. What are the prime factors of c?
23, 31
Let y(c) = -c**2 - 31*c + 10. Suppose 0*s + 10*s = 550. Let w = s - 73. What are the prime factors of y(w)?
2, 61
Let m be ((-32)/((-2)/2))/1. Let d = -17 - m. List the prime factors of (d + 9)*1*-1.
2, 5
Suppose -2*m = w - 41818, -4*w + m = -78577 - 88731. List the prime factors of w.
2, 3, 6971
Let r be (4 - (-14)/(-4))*0. Let z be (15/20)/(2/16*2). Suppose -386 = -3*o + 4*g, -z*o = -r*o + g - 391. List the prime factors of o.
2, 5, 13
Let q(i) = 48*i**2 + 235*i + 112. List the prime factors of q(-17).
7, 1427
Suppose 4*y = 4*r + 1108, 0*y - y = -4*r - 280. Suppose 5*w - 166 = 4*w. Let h = y - w. List the prime factors of h.
2, 5, 11
Suppose 86*t + 57872 - 147603 = 53717. What are the prime factors of t?
2, 3, 139
Suppose u + 749 = 3*u - i, 2*u - 5*i = 761. Let j = -6108 - -5894. Let n = j + u. List the prime factors of n.
3, 53
Let x be (-2)/((-8)/(-60)) - -3. Let z be 1*4 - 117*8/24. What are the prime factors of z*21/x - (-1)/(-4)?
61
Suppose 784 = 2*w - 10*p + 12*p, 0 = 2*w + 4*p - 784. List the prime factors of w.
2, 7
Let g = -21271 + 32923. What are the prime factors of g?
2, 3, 971
Let o(t) = -t**3 + 16*t**2 - 32*t + 45. Suppose 4*g + 4*u = 3*g + 17, -63 = -5*g + 2*u. What are the prime factors of o(g)?
2, 17
Let m(k) = -7*k + 159. Let a be m(-20). Suppose 8*r + a - 3299 = 0. List the prime factors of r.
3, 5
Let i = -19 - 20. Let x = 3 - i. Let c = x + 38. What are the prime factors of c?
2, 5
Suppose 4721 = 3*j + 5*q, 4*j - 3*q = 5717 + 539. List the prime factors of j.
1567
Let c = 31 - 11. Let w = c + -17. List the prime factors of (-3 + -9 - 1)*-1*w.
3, 13
What are the prime factors of (-9)/((-27)/(-4782))*(-2)/4?
797
Let q = 9839 + 4330. What are the prime factors of q?
3, 4723
Let y(t) = 10*t**2 - 2*t - 14. Let s = -508 - -503. List the prime factors of y(s).
2, 3, 41
Suppose -32519 = u + 30*u. Let g = u + 1795. What are the prime factors of g?
2, 373
Suppose -498*w + 4606 = -486*w - 7298. What are the prime factors of w?
2, 31
List the prime factors of (9 - 407/55)*(-8665)/(-2).
2, 1733
Let h be ((-2365)/11)/(-6 + 1). Suppose 5302 = 5*b - y, 41 - h = y. What are the prime factors of b?
2, 5, 53
Let f = 19041 - 10921. List the prime factors of f.
2, 5, 7, 29
Suppose -2*r - 4*u = -112642, -24 = -545*u + 549*u. What are the prime factors of r?
56333
Suppose -6*z = 15*z - 607461 + 19776. List the prime factors of z.
5, 29, 193
List the prime factors of (252/16)/((-5852)/976 - -6).
3, 7, 61
Suppose -8*j + 2*a = -6*j - 180, -3*a = -3. What are the prime factors of (-7 - j/(-14))*-2878?
1439
Let a(o) = 117*o - 9. Let w(z) = -116*z + 11. Let n(u) = -6*a(u) - 5*w(u). Let i be n(-1). Let m = i - -12. What are the prime factors of m?
7, 19
Suppose -q - 5*m = -821 - 337, -3554 = -3*q + 5*m. Let d = 3046 - q. What are the prime factors of d?
2, 467
Suppose -z + 3*p + 22 = -13, 0 = -3*z + 5*p + 89. Suppose 37*x - 66*x + 46*x - 595 = 0. Let j = z + x. List the prime factors of j.
2, 29
Suppose -3*l = 4*w + 1848, 0*l - 5*w - 3085 = 5*l. Let j = 980 + l. Suppose -2*q - 5*o + 180 = 0, -q = 3*q + o - j. List the prime factors of q.
2, 3, 5
Suppose 60*j - 34043 = 448180 + 154257. What are the prime factors of j?
2, 3, 13